{"id":279,"date":"2022-05-09T06:15:38","date_gmt":"2022-05-09T06:15:38","guid":{"rendered":"https:\/\/www.maribelbover.com\/?page_id=279"},"modified":"2026-02-12T09:16:00","modified_gmt":"2026-02-12T09:16:00","slug":"festival-fi-de-curs-2","status":"publish","type":"page","link":"https:\/\/maribelbover.com\/?page_id=279","title":{"rendered":"PROFESSORAT"},"content":{"rendered":"<p><span style=\"color: #ffffff;\">llll<\/span><\/p>\n<h4><\/h4>\n<h4 style=\"text-align: center;\"><img loading=\"lazy\" decoding=\"async\" class=\"aligncenter wp-image-327 size-full\" src=\"https:\/\/maribelbover.com\/wp-content\/uploads\/2022\/05\/998677_472206299531084_991930097_n.jpg\" alt=\"\" width=\"160\" height=\"160\" srcset=\"https:\/\/maribelbover.com\/wp-content\/uploads\/2022\/05\/998677_472206299531084_991930097_n.jpg 160w, https:\/\/maribelbover.com\/wp-content\/uploads\/2022\/05\/998677_472206299531084_991930097_n-150x150.jpg 150w\" sizes=\"auto, (max-width: 160px) 100vw, 160px\" \/><\/h4>\n<h4><span style=\"color: #ffffff;\">llll<\/span><\/h4>\n<h4><strong><span style=\"color: #000000;\">Maribel Bover<\/span><\/strong><\/h4>\n<p><span style=\"color: #ffffff;\">llllllllllllllllllllllll<\/span><\/p>\n<p><span style=\"color: #808080;\"><strong>La seva activitat laboral i art\u00edstica ha estat i est\u00e0 centrada en el m\u00f3n de la dansa com a continuaci\u00f3 de la iniciada per la seva mare, <span style=\"text-decoration: underline;\">Rosa Maria Vi\u00f1als<\/span> que l&#8217;any 1956 va fundar la seva pr\u00f2pia escola com alumna del mestre Joan Magri\u00f1\u00e0.<\/strong><\/span><\/p>\n<p style=\"text-align: justify;\"><span style=\"color: #808080;\"><strong>La seva principal formaci\u00f3 en dansa cl\u00e0ssica va ser amb el reconegut mestre Joan Tena de Barcelona. T\u00e8cnica de dansa jazz a l&#8217;estudi Anna Maleras de Barcelona. Formaci\u00f3 en dansa contempor\u00e0nia amb Ram\u00f3n Oller a la F\u00e0brica (Barcelona).\u00a0 <span style=\"text-decoration: underline;\">L&#8217;any 1975 va ser la introductora del jazz a Girona.<\/span><\/strong><\/span><\/p>\n<p>&nbsp;<\/p>\n<p style=\"text-align: justify;\"><span style=\"color: #333333;\"><strong><span style=\"text-decoration: underline;\">Perfeccionament: Pedagogia del ballet cl\u00e0ssic i jazz:<\/span><\/strong><\/span><\/p>\n<p style=\"text-align: justify;\"><span style=\"color: #808080;\"><strong>Centre de dansa Ram\u00f3n Sol\u00e9 (Barcelona).<\/strong><\/span><\/p>\n<p style=\"text-align: justify;\"><span style=\"color: #808080;\"><strong>\u00c9cole de danse Rosella Hightower (Cannes, Fran\u00e7a).<\/strong><\/span><\/p>\n<p style=\"text-align: justify;\"><span style=\"color: #808080;\"><strong>Centre de dansa Carmen Roche (Madrid).<\/strong><\/span><\/p>\n<p style=\"text-align: justify;\"><span style=\"color: #808080;\"><strong>Bournonville Ballet Seminar (Biarritz, Fran\u00e7a).<\/strong><\/span><\/p>\n<p style=\"text-align: justify;\"><span style=\"color: #808080;\"><strong>Assisteix peri\u00f2dicament a classes i cursos de dansa a Nova York i Londres. Invitada a classes magistrals impartides a <span style=\"text-decoration: underline;\">l\u00b4\u00d2pera Nacional de Finl\u00e0ndia<\/span> (Helsinki) i amb Elisabetta Terabust directora de la <span style=\"text-decoration: underline;\">Scala de Mil\u00e0<\/span> (It\u00e0lia).<\/strong><\/span><\/p>\n<p style=\"text-align: justify;\"><span style=\"color: #808080;\"><strong>&#8211; Creadora de la coreografia de la pel\u00b7l\u00edcula <em>WakaWaka<\/em> (1987, Kim Densalat).<\/strong><\/span><\/p>\n<p style=\"text-align: justify;\"><span style=\"color: #808080;\"><strong>Anatomo-Fisiologia i Patologies de la dansa a la <span style=\"text-decoration: underline;\">Universitat de Saragossa<\/span>.<\/strong><\/span><\/p>\n<p style=\"text-align: justify;\"><span style=\"color: #808080;\"><strong>T\u00e8cnica Lim\u00f3n (dansa contempor\u00e0nia) i t\u00e8cnica Simonson (Simonson Jazz Technique Certificate).<\/strong><\/span><\/p>\n<p style=\"text-align: justify;\"><span style=\"color: #808080;\"><strong>Crea i dirigeix la &#8220;Companyia de dansa de Girona&#8221; amb el suport musical de <span style=\"text-decoration: underline;\">La Locomotora Negra<\/span>\u00a0 (1992).<\/strong><\/span><\/p>\n<p><span style=\"color: #ffffff;\">llll<\/span><\/p>\n<p style=\"text-align: justify;\"><span style=\"color: #808080;\"><strong>1993: Reconeixement del seu centre per part de la Generalitat de Catalunya (Departament d&#8217;Educaci\u00f3) com a Centre Educatiu Autoritzat.<\/strong><\/span><\/p>\n<p style=\"text-align: justify;\"><span style=\"color: #808080;\"><strong>1994: Pla de Formaci\u00f3 Continuada (nom\u00e9s dinou places) de tot el professorat de dansa de Catalunya a <span style=\"text-decoration: underline;\">l&#8217;Institut del Teatre<\/span> (Barcelona).<\/strong><\/span><\/p>\n<p style=\"text-align: justify;\"><span style=\"color: #808080;\"><strong>Professora en les activitats dirigides trimestrals del Servei d&#8217;Esports de la UDG (Universitat de Girona).<\/strong><\/span><\/p>\n<p style=\"text-align: justify;\"><span style=\"color: #808080;\"><strong>2010: Seleccionada per formar part de la taula del <span style=\"text-decoration: underline;\">Pla Estrat\u00e8gic de Cultura<\/span> de l&#8217;Ajuntament de Girona.<\/strong><\/span><\/p>\n<p style=\"text-align: justify;\"><span style=\"color: #808080;\"><strong>Artistes com Tamara Rojo i companyies de renom internacional fan els seus assaigs a l&#8217;escola pels espectacles programats en el <span style=\"text-decoration: underline;\">Festival Castell de Peralada<\/span> i el <span style=\"text-decoration: underline;\">Festival de Cap Roig.<\/span><\/strong><\/span><\/p>\n<p style=\"text-align: justify;\"><span style=\"color: #808080;\"><strong>Direcci\u00f3 art\u00edstica i coreografies de l&#8217;espectacle de fi de curs que es presenta cada any en el <span style=\"text-decoration: underline;\">Teatre Municipal de Girona<\/span>.<\/strong><\/span><\/p>\n<hr \/>\n<p>&nbsp;<\/p>\n<p style=\"text-align: center;\"><img loading=\"lazy\" decoding=\"async\" class=\"aligncenter size-full wp-image-329\" src=\"https:\/\/www.maribelbover.com\/wp-content\/uploads\/2022\/05\/307691_10150329063681649_1888068397_n.jpg\" alt=\"\" width=\"160\" height=\"160\" srcset=\"https:\/\/maribelbover.com\/wp-content\/uploads\/2022\/05\/307691_10150329063681649_1888068397_n.jpg 160w, https:\/\/maribelbover.com\/wp-content\/uploads\/2022\/05\/307691_10150329063681649_1888068397_n-150x150.jpg 150w\" sizes=\"auto, (max-width: 160px) 100vw, 160px\" \/><\/p>\n<p>&nbsp;<\/p>\n<h4><span style=\"color: #000000;\"><strong>Guillem Bover<\/strong><\/span><\/h4>\n<p>&nbsp;<\/p>\n<p style=\"text-align: justify;\"><span style=\"color: #808080;\"><strong>Quan tenia tres anys comen\u00e7a els seus primers passos de ballet a l&#8217;escola de dansa de la seva mare <span style=\"text-decoration: underline;\">Maribel Bover<\/span>.<\/strong><\/span><\/p>\n<p style=\"text-align: justify;\"><span style=\"color: #808080;\"><strong>Titulat com a ballar\u00ed cl\u00e0ssic acad\u00e8mic a l&#8217;Escola de dansa del <span style=\"text-decoration: underline;\">Teatre de l&#8217;\u00d2pera de Roma<\/span> (It\u00e0lia). Direcci\u00f3: Paola Jorio.<\/strong><\/span><\/p>\n<p style=\"text-align: justify;\"><span style=\"color: #808080;\"><strong>Compagina la dansa amb estudis de <span style=\"text-decoration: underline;\">Pedagogia<\/span> a la UNED (Universidad Nacional de Educaci\u00f3n a Distancia).<\/strong><\/span><\/p>\n<p>&nbsp;<\/p>\n<p style=\"text-align: justify;\"><span style=\"color: #333333;\"><strong><span style=\"text-decoration: underline;\">Ballar\u00ed professional amb rols de solista:<\/span><\/strong><\/span><\/p>\n<p style=\"text-align: justify;\"><span style=\"color: #808080;\"><strong>2002-2006 &#8220;Scuola di Ballo&#8221; juntament amb el cos de ball del <span style=\"text-decoration: underline;\">Teatre de l&#8217;\u00d2pera de Roma<\/span> a les Termes de Caracalla (It\u00e0lia). Direcci\u00f3: Carla Fracci<\/strong><\/span><\/p>\n<p style=\"text-align: justify;\"><span style=\"color: #808080;\"><strong>2006-2007 <span style=\"text-decoration: underline;\">Ballet de l&#8217;<\/span><span style=\"text-decoration: underline;\">\u00d2pera de Zurich<\/span> (Suissa). Direcci\u00f3: Heinz Spoerli.<\/strong><\/span><\/p>\n<p style=\"text-align: justify;\"><span style=\"color: #808080;\"><strong>2007-2010 <span style=\"text-decoration: underline;\">Ballet de l&#8217;\u00d2pera Nacional de Finl\u00e0ndia<\/span> (Helsinki). Direcci\u00f3: Dinna Bj\u00f6rn i Kenneth Greve.<\/strong><\/span><\/p>\n<p style=\"text-align: justify;\"><span style=\"color: #808080;\"><strong>2010 Inivitat per ballar <em>L&#8217;Ocell Blau <\/em>de la Bella Dorment en el <span style=\"text-decoration: underline;\">Teatro Massimo de Palerm<\/span> (It\u00e0lia). Direcci\u00f3: Luciano Cannito.<\/strong><\/span><\/p>\n<p style=\"text-align: justify;\"><span style=\"color: #808080;\"><strong>2010 <em> Romeu i Julieta <\/em>de gira amb el <span style=\"text-decoration: underline;\">Scottish Ballet<\/span> (Regne Unit). Direcci\u00f3: Ashley Page.<\/strong><\/span><\/p>\n<p style=\"text-align: justify;\"><span style=\"color: #808080;\"><strong>2011 <span style=\"text-decoration: underline;\">Ballet V\u00edctor Ullate<\/span> (Madrid).<\/strong><\/span><\/p>\n<p style=\"text-align: justify;\"><span style=\"color: #808080;\"><strong>2012 <span style=\"text-decoration: underline;\">Ballet d&#8217;\u00c0ngel Corella<\/span> de gira per EE.UU.<\/strong><\/span><\/p>\n<p>&nbsp;<\/p>\n<p style=\"text-align: justify;\"><span style=\"color: #808080;\"><strong>Ha ballat davant del Papa <span style=\"text-decoration: underline;\">Joan Pau II<\/span> a la mateixa pla\u00e7a del Vatic\u00e0 i tamb\u00e9 de <span style=\"text-decoration: underline;\">Norodom<\/span> <span style=\"text-decoration: underline;\">Sihamoni<\/span> (exballar\u00ed i rei de Cambodja).<\/strong><\/span><\/p>\n<p style=\"text-align: justify;\"><span style=\"color: #808080;\"><strong>Perfeccionament de ballet cl\u00e0ssic avan\u00e7at amb Elisabetta Terabust, directora del cos de ball del <span style=\"text-decoration: underline;\">Teatre de la Scala<\/span> de Mil\u00e0.<\/strong><\/span><\/p>\n<p style=\"text-align: justify;\"><span style=\"color: #808080;\"><strong>Professor en les activitats dirigides trimestrals del Servei d&#8217;Esports de la UDG (<span style=\"text-decoration: underline;\">Universitat<\/span> <span style=\"text-decoration: underline;\">de Girona<\/span>).<\/strong><\/span><\/p>\n<p style=\"text-align: justify;\"><span style=\"color: #808080;\"><strong>Actualment, perfecciona diferents estils de dansa jazz en el <span style=\"text-decoration: underline;\">Pinneapple Dance Studios<\/span> de Londres i en el <span style=\"text-decoration: underline;\">Broadway Dance Center<\/span>, <span style=\"text-decoration: underline;\">Alvin Ailey School<\/span> i el <span style=\"text-decoration: underline;\">Steps on Broadway<\/span> de Nova York.<\/strong><\/span><\/p>\n<p>&nbsp;<\/p>\n<hr \/>\n<p style=\"text-align: center;\"><img loading=\"lazy\" decoding=\"async\" class=\"aligncenter size-thumbnail wp-image-336\" src=\"https:\/\/www.maribelbover.com\/wp-content\/uploads\/2022\/05\/rigat-foto-perfil-150x150.jpg\" alt=\"\" width=\"150\" height=\"150\" srcset=\"https:\/\/maribelbover.com\/wp-content\/uploads\/2022\/05\/rigat-foto-perfil-150x150.jpg 150w, https:\/\/maribelbover.com\/wp-content\/uploads\/2022\/05\/rigat-foto-perfil-453x450.jpg 453w\" sizes=\"auto, (max-width: 150px) 100vw, 150px\" \/><\/p>\n<h4><span style=\"color: #ffffff;\">llllll<\/span><\/h4>\n<h4><span style=\"color: #000000;\"><strong>Maria Rigat<\/strong><\/span><\/h4>\n<p><span style=\"color: #ffffff;\">llllll<\/span><\/p>\n<p style=\"text-align: justify;\"><strong><span style=\"color: #808080;\">La Maria va comen\u00e7ar a l&#8217;escola quan tenia tres anys i des de llavors continua ballant en tots els espectacles i esdeveniments de l&#8217;escola interpretant rols de solista i de protagonista. <\/span><\/strong><\/p>\n<p style=\"text-align: justify;\"><strong><span style=\"color: #808080;\">La Maribel veient les seves bones actituds pedag\u00f2giques i art\u00edstiques, li ofereix formar part de l&#8217;equip de l&#8217;escola com a professora de dansa cl\u00e0ssica i jazz.<\/span><\/strong><\/p>\n<p style=\"text-align: justify;\"><strong><span style=\"color: #808080;\">Titulada en dansa cl\u00e0ssica en el <span style=\"text-decoration: underline;\">Centre Superior d&#8217;Arts Esc\u00e8niques Carmen Roche,<\/span> SCAENA (Madrid).<\/span><\/strong><\/p>\n<p style=\"text-align: justify;\"><strong><span style=\"color: #808080;\">Cursos de perfeccionament del ballet cl\u00e0ssic amb <span style=\"text-decoration: underline;\">V\u00edctor Ullate<\/span> (Madrid) i en el <span style=\"text-decoration: underline;\">English National Ballet School<\/span> (Londres,UK).<\/span><\/strong><\/p>\n<p style=\"text-align: justify;\"><strong><span style=\"color: #808080;\">Graduada en disseny gr\u00e0fic per la Universitat de Barcelona.<\/span><\/strong><\/p>\n<p><span style=\"color: #ffffff;\">&#8212;&#8212;&#8212;<\/span><\/p>\n<h4><span style=\"text-decoration: underline; color: #000000;\"><strong>PROFESSORAT INVITAT I ADJUNT<\/strong><\/span><\/h4>\n<h4><span style=\"color: #ffffff;\">&#8212;&#8211;<\/span><\/h4>\n<h4><span style=\"color: #000000;\"><strong>&#8211; Itzel Pic\u00f3 <\/strong><\/span><\/h4>\n<h4><span style=\"color: #000000;\"><strong>&#8211; Nat\u00e0lia Merino<\/strong><\/span><\/h4>\n<p>&nbsp;<\/p>\n<p>&nbsp;<\/p>\n","protected":false},"excerpt":{"rendered":"<p>llll llll Maribel Bover llllllllllllllllllllllll La seva activitat laboral i art\u00edstica ha estat i est\u00e0 centrada en el m\u00f3n de la dansa com a continuaci\u00f3 de la iniciada per la <a class=\"more-link\" href=\"https:\/\/maribelbover.com\/?page_id=279\">Continue Reading &rarr;<\/a><\/p>\n","protected":false},"author":1,"featured_media":0,"parent":0,"menu_order":0,"comment_status":"closed","ping_status":"closed","template":"","meta":{"footnotes":""},"class_list":["post-279","page","type-page","status-publish","hentry"],"_links":{"self":[{"href":"https:\/\/maribelbover.com\/index.php?rest_route=\/wp\/v2\/pages\/279","targetHints":{"allow":["GET"]}}],"collection":[{"href":"https:\/\/maribelbover.com\/index.php?rest_route=\/wp\/v2\/pages"}],"about":[{"href":"https:\/\/maribelbover.com\/index.php?rest_route=\/wp\/v2\/types\/page"}],"author":[{"embeddable":true,"href":"https:\/\/maribelbover.com\/index.php?rest_route=\/wp\/v2\/users\/1"}],"replies":[{"embeddable":true,"href":"https:\/\/maribelbover.com\/index.php?rest_route=%2Fwp%2Fv2%2Fcomments&post=279"}],"version-history":[{"count":36,"href":"https:\/\/maribelbover.com\/index.php?rest_route=\/wp\/v2\/pages\/279\/revisions"}],"predecessor-version":[{"id":776,"href":"https:\/\/maribelbover.com\/index.php?rest_route=\/wp\/v2\/pages\/279\/revisions\/776"}],"wp:attachment":[{"href":"https:\/\/maribelbover.com\/index.php?rest_route=%2Fwp%2Fv2%2Fmedia&parent=279"}],"curies":[{"name":"wp","href":"https:\/\/api.w.org\/{rel}","templated":true}]}}