{"id":175,"date":"2022-05-08T18:50:59","date_gmt":"2022-05-08T18:50:59","guid":{"rendered":"https:\/\/www.maribelbover.com\/?page_id=175"},"modified":"2025-02-12T13:13:26","modified_gmt":"2025-02-12T13:13:26","slug":"professorat","status":"publish","type":"page","link":"https:\/\/maribelbover.com\/?page_id=175","title":{"rendered":"CONTACTE"},"content":{"rendered":"<p><span style=\"color: #ffffff;\">lllllll<\/span><\/p>\n<p><span style=\"color: #000080;\"><strong><span style=\"color: #000000;\">Tel\u00e8fon:<\/span> 647 70 85 62<\/strong> \u00a0\u00a0<span style=\"color: #333333;\"> (l&#8217;horari d&#8217;atenci\u00f3 telef\u00f2nica \u00e9s de dilluns a dissabte de 9:00h a 21:00h)<\/span><strong><br \/>\n<\/strong><\/span><\/p>\n<p><span style=\"color: #000080;\"><strong>dansamaribelbover@gmail.com<\/strong><\/span><\/p>\n<p><strong><span style=\"color: #000000;\">Horari de Secretaria: de dilluns a divendres de 17:00h a 20:30h<\/span><\/strong><\/p>\n<p><span style=\"color: #808080;\">Seguim el mateix horari escolar i festius d&#8217;acord amb l&#8217;establert pel Departament d&#8217;Educaci\u00f3 de la Generalitat de Catalunya.<\/span><\/p>\n<hr \/>\n<p>&nbsp;<\/p>\n<p><img loading=\"lazy\" decoding=\"async\" class=\"aligncenter wp-image-323 size-thumbnail\" src=\"https:\/\/www.maribelbover.com\/wp-content\/uploads\/2022\/05\/download-150x150.jpg\" alt=\"\" width=\"150\" height=\"150\" \/><\/p>\n<p style=\"text-align: center;\"><span style=\"color: #000000;\"><strong>@escoladedansamaribelbover<\/strong><\/span><\/p>\n<p><span style=\"color: #ffffff;\">l<\/span><\/p>\n<hr \/>\n<p><span style=\"color: #ffffff;\"><img loading=\"lazy\" decoding=\"async\" class=\"aligncenter size-large wp-image-718\" src=\"https:\/\/maribelbover.com\/wp-content\/uploads\/2024\/07\/IMG_4106-1024x683.jpeg\" alt=\"\" width=\"690\" height=\"460\" srcset=\"https:\/\/maribelbover.com\/wp-content\/uploads\/2024\/07\/IMG_4106-1024x683.jpeg 1024w, https:\/\/maribelbover.com\/wp-content\/uploads\/2024\/07\/IMG_4106-300x200.jpeg 300w, https:\/\/maribelbover.com\/wp-content\/uploads\/2024\/07\/IMG_4106-768x512.jpeg 768w, https:\/\/maribelbover.com\/wp-content\/uploads\/2024\/07\/IMG_4106-390x261.jpeg 390w, https:\/\/maribelbover.com\/wp-content\/uploads\/2024\/07\/IMG_4106.jpeg 1080w\" sizes=\"auto, (max-width: 690px) 100vw, 690px\" \/><\/span><\/p>\n<hr \/>\n<p><span style=\"color: #ffffff;\">kkk<\/span><\/p>\n<p><strong><span style=\"text-decoration: underline;\"><span style=\"color: #000000; text-decoration: underline;\">UBICACI\u00d3:<\/span><\/span><\/strong><\/p>\n<p><span style=\"color: #808080;\">L&#8217;escola est\u00e0 ubicada al centre de Girona (Eixample)<\/span><\/p>\n<p><span style=\"color: #808080;\">El Parking Maragall est\u00e0 situat just al costat de l&#8217;escola.<br \/>\n<\/span><\/p>\n<p>&nbsp;<\/p>\n<p><strong><span style=\"color: #000000;\">Escola de dansa Maribel Bover<\/span><\/strong><\/p>\n<p><strong><span style=\"color: #000000;\">Rda. Sant Antoni Maria Claret, 30 baixos<\/span><\/strong><\/p>\n<p><strong><span style=\"color: #000000;\">17002 GIRONA<\/span><\/strong><\/p>\n<p><img loading=\"lazy\" decoding=\"async\" class=\"alignleft size-large wp-image-226\" src=\"https:\/\/www.maribelbover.com\/wp-content\/uploads\/2022\/05\/mapa-escola-si-1024x586.jpg\" alt=\"\" width=\"690\" height=\"395\" srcset=\"https:\/\/maribelbover.com\/wp-content\/uploads\/2022\/05\/mapa-escola-si-1024x586.jpg 1024w, https:\/\/maribelbover.com\/wp-content\/uploads\/2022\/05\/mapa-escola-si-300x172.jpg 300w, https:\/\/maribelbover.com\/wp-content\/uploads\/2022\/05\/mapa-escola-si-768x439.jpg 768w, https:\/\/maribelbover.com\/wp-content\/uploads\/2022\/05\/mapa-escola-si-1536x878.jpg 1536w, https:\/\/maribelbover.com\/wp-content\/uploads\/2022\/05\/mapa-escola-si.jpg 2013w\" sizes=\"auto, (max-width: 690px) 100vw, 690px\" \/><\/p>\n<p>&nbsp;<\/p>\n","protected":false},"excerpt":{"rendered":"<p>lllllll Tel\u00e8fon: 647 70 85 62 \u00a0\u00a0 (l&#8217;horari d&#8217;atenci\u00f3 telef\u00f2nica \u00e9s de dilluns a dissabte de 9:00h a 21:00h) dansamaribelbover@gmail.com Horari de Secretaria: de dilluns a divendres de 17:00h a <a class=\"more-link\" href=\"https:\/\/maribelbover.com\/?page_id=175\">Continue Reading &rarr;<\/a><\/p>\n","protected":false},"author":1,"featured_media":0,"parent":0,"menu_order":3,"comment_status":"closed","ping_status":"closed","template":"","meta":{"footnotes":""},"class_list":["post-175","page","type-page","status-publish","hentry"],"_links":{"self":[{"href":"https:\/\/maribelbover.com\/index.php?rest_route=\/wp\/v2\/pages\/175","targetHints":{"allow":["GET"]}}],"collection":[{"href":"https:\/\/maribelbover.com\/index.php?rest_route=\/wp\/v2\/pages"}],"about":[{"href":"https:\/\/maribelbover.com\/index.php?rest_route=\/wp\/v2\/types\/page"}],"author":[{"embeddable":true,"href":"https:\/\/maribelbover.com\/index.php?rest_route=\/wp\/v2\/users\/1"}],"replies":[{"embeddable":true,"href":"https:\/\/maribelbover.com\/index.php?rest_route=%2Fwp%2Fv2%2Fcomments&post=175"}],"version-history":[{"count":46,"href":"https:\/\/maribelbover.com\/index.php?rest_route=\/wp\/v2\/pages\/175\/revisions"}],"predecessor-version":[{"id":748,"href":"https:\/\/maribelbover.com\/index.php?rest_route=\/wp\/v2\/pages\/175\/revisions\/748"}],"wp:attachment":[{"href":"https:\/\/maribelbover.com\/index.php?rest_route=%2Fwp%2Fv2%2Fmedia&parent=175"}],"curies":[{"name":"wp","href":"https:\/\/api.w.org\/{rel}","templated":true}]}}