{"id":173,"date":"2022-05-08T18:50:34","date_gmt":"2022-05-08T18:50:34","guid":{"rendered":"https:\/\/www.maribelbover.com\/?page_id=173"},"modified":"2022-05-26T22:16:12","modified_gmt":"2022-05-26T22:16:12","slug":"inscripcions","status":"publish","type":"page","link":"https:\/\/maribelbover.com\/?page_id=173","title":{"rendered":"PREMSA"},"content":{"rendered":"<p><span style=\"color: #ffffff;\">IIII<\/span><\/p>\n<h4><strong><span style=\"color: #000000;\">L&#8217;escola en els mitjans de comunicaci\u00f3<\/span><\/strong><\/h4>\n<p><span style=\"color: #808080;\">Les not\u00edcies m\u00e9s destacades s\u00f3n les seg\u00fcents:<\/span><\/p>\n<p><img loading=\"lazy\" decoding=\"async\" class=\"alignleft wp-image-354 size-full\" src=\"http:\/\/www.maribelbover.com\/wp-content\/uploads\/2022\/05\/o-1.jpg\" alt=\"\" width=\"247\" height=\"109\" \/><\/p>\n<p>&nbsp;<\/p>\n<p>&nbsp;<\/p>\n<p>&nbsp;<\/p>\n<p><a href=\"http:\/\/www.maribelbover.com\/wp-content\/uploads\/2022\/05\/Guillem-Brull.-La-Vanguardia.pdf\">Guillem-Brull.-La-Vanguardia<\/a><\/p>\n<p>&nbsp;<\/p>\n<p><strong><span style=\"text-decoration: underline;\">Revista russa:<\/span><\/strong><\/p>\n<p><a href=\"http:\/\/www.maribelbover.com\/wp-content\/uploads\/2022\/05\/Russian-magazine.pdf\">Russian-magazine<\/a><\/p>\n<p>&nbsp;<\/p>\n<p><img loading=\"lazy\" decoding=\"async\" class=\"alignleft size-full wp-image-357\" src=\"http:\/\/www.maribelbover.com\/wp-content\/uploads\/2022\/05\/s1.jpg\" alt=\"\" width=\"155\" height=\"115\" \/><\/p>\n<p>&nbsp;<\/p>\n<p><span style=\"color: #808080;\"><em>\u00a0\u00a0\u00a0\u00a0\u00a0\u00a0\u00a0\u00a0\u00a0\u00a0\u00a0\u00a0\u00a0\u00a0 (V\u00eddeos d&#8217;anys anteriors a l&#8217;actual)<\/em><\/span><\/p>\n<p>&nbsp;<\/p>\n<p><iframe loading=\"lazy\" title=\"GUILLEM BRULL  (Telenot\u00edcies de TV3)\" width=\"690\" height=\"518\" src=\"https:\/\/www.youtube.com\/embed\/u4n26jgajbw?feature=oembed\" frameborder=\"0\" allow=\"accelerometer; autoplay; clipboard-write; encrypted-media; gyroscope; picture-in-picture\" allowfullscreen><\/iframe><\/p>\n<p><iframe loading=\"lazy\" title=\"Nonna Cardoner \/ J&#039;arrive! (Espectacle 2021-22) \/ Escola de dansa Maribel Bover\" width=\"690\" height=\"388\" src=\"https:\/\/www.youtube.com\/embed\/h6YANKJzJK0?feature=oembed\" frameborder=\"0\" allow=\"accelerometer; autoplay; clipboard-write; encrypted-media; gyroscope; picture-in-picture\" allowfullscreen><\/iframe><\/p>\n<p><iframe loading=\"lazy\" title=\"GUILLEM BRULL ( TN Comarques Girona de TV3)\" width=\"690\" height=\"518\" src=\"https:\/\/www.youtube.com\/embed\/rKY6_lUJwQk?feature=oembed\" frameborder=\"0\" allow=\"accelerometer; autoplay; clipboard-write; encrypted-media; gyroscope; picture-in-picture\" allowfullscreen><\/iframe><\/p>\n<p>&nbsp;<\/p>\n<p><img loading=\"lazy\" decoding=\"async\" class=\"alignleft size-full wp-image-360\" src=\"http:\/\/www.maribelbover.com\/wp-content\/uploads\/2022\/05\/q.jpg\" alt=\"\" width=\"105\" height=\"79\" \/><\/p>\n<p>&nbsp;<\/p>\n<p>&nbsp;<\/p>\n<p>&nbsp;<\/p>\n<p><iframe loading=\"lazy\" title=\"GUILLEM BRULL Reportatge a Canal Catal\u00e0 TV\" width=\"690\" height=\"388\" src=\"https:\/\/www.youtube.com\/embed\/lkIGG5PKOns?feature=oembed\" frameborder=\"0\" allow=\"accelerometer; autoplay; clipboard-write; encrypted-media; gyroscope; picture-in-picture\" allowfullscreen><\/iframe><\/p>\n<p>&nbsp;<\/p>\n<p><img loading=\"lazy\" decoding=\"async\" class=\"alignleft wp-image-361 size-thumbnail\" src=\"http:\/\/www.maribelbover.com\/wp-content\/uploads\/2022\/05\/imgres1-150x150.jpg\" alt=\"\" width=\"150\" height=\"150\" \/><\/p>\n<p>&nbsp;<\/p>\n<p>&nbsp;<\/p>\n<p>&nbsp;<\/p>\n<p>&nbsp;<\/p>\n<p><iframe loading=\"lazy\" title=\"Escola de dansa Maribel Bover de Girona \/ Ballar\u00ed Guillem Brull\" width=\"690\" height=\"388\" src=\"https:\/\/www.youtube.com\/embed\/m49irFghMmI?feature=oembed\" frameborder=\"0\" allow=\"accelerometer; autoplay; clipboard-write; encrypted-media; gyroscope; picture-in-picture\" allowfullscreen><\/iframe><\/p>\n<p>&nbsp;<\/p>\n<p><iframe loading=\"lazy\" title=\"TONY JAMES: Girona TV \/ Master Class \/ Maribel Bover\" width=\"690\" height=\"518\" src=\"https:\/\/www.youtube.com\/embed\/GOja6mUGWTY?feature=oembed\" frameborder=\"0\" allow=\"accelerometer; autoplay; clipboard-write; encrypted-media; gyroscope; picture-in-picture\" allowfullscreen><\/iframe><\/p>\n<p>&nbsp;<\/p>\n<p><img loading=\"lazy\" decoding=\"async\" class=\"alignleft size-full wp-image-362\" src=\"http:\/\/www.maribelbover.com\/wp-content\/uploads\/2022\/05\/unnamed-file-300x159-1.jpg\" alt=\"\" width=\"300\" height=\"159\" \/><\/p>\n<p>&nbsp;<\/p>\n<p>&nbsp;<\/p>\n<p>&nbsp;<\/p>\n<p>&nbsp;<\/p>\n<p><span style=\"color: #ffffff;\">llll<\/span><\/p>\n<p><iframe loading=\"lazy\" title=\"&quot;Saber Vivir&quot; visita la nostra escola de dansa amb un grup de dones que han superat el c\u00e0ncer.\" width=\"690\" height=\"388\" src=\"https:\/\/www.youtube.com\/embed\/0rNfU1dp_3Y?feature=oembed\" frameborder=\"0\" allow=\"accelerometer; autoplay; clipboard-write; encrypted-media; gyroscope; picture-in-picture\" allowfullscreen><\/iframe><\/p>\n<p>&nbsp;<\/p>\n<p><strong><span style=\"color: #000000;\"><span style=\"text-decoration: underline;\">Catalonia Today:<\/span><br \/>\n<\/span><\/strong><\/p>\n<p><span style=\"color: #000000;\">(Clicar a la foto per veure l&#8217;article en angl\u00e8s)<\/span><\/p>\n<p><a href=\"https:\/\/www.cataloniatoday.cat\/article\/1227776-maribel-bover.html\"><img loading=\"lazy\" decoding=\"async\" class=\"alignleft wp-image-365 size-full\" src=\"http:\/\/www.maribelbover.com\/wp-content\/uploads\/2022\/05\/catalonia-today.jpg\" alt=\"\" width=\"800\" height=\"599\" srcset=\"https:\/\/maribelbover.com\/wp-content\/uploads\/2022\/05\/catalonia-today.jpg 800w, https:\/\/maribelbover.com\/wp-content\/uploads\/2022\/05\/catalonia-today-300x225.jpg 300w, https:\/\/maribelbover.com\/wp-content\/uploads\/2022\/05\/catalonia-today-768x575.jpg 768w\" sizes=\"auto, (max-width: 800px) 100vw, 800px\" \/><\/a><\/p>\n","protected":false},"excerpt":{"rendered":"<p>IIII L&#8217;escola en els mitjans de comunicaci\u00f3 Les not\u00edcies m\u00e9s destacades s\u00f3n les seg\u00fcents: &nbsp; &nbsp; &nbsp; Guillem-Brull.-La-Vanguardia &nbsp; Revista russa: Russian-magazine &nbsp; &nbsp; \u00a0\u00a0\u00a0\u00a0\u00a0\u00a0\u00a0\u00a0\u00a0\u00a0\u00a0\u00a0\u00a0\u00a0 (V\u00eddeos d&#8217;anys anteriors a l&#8217;actual) <a class=\"more-link\" href=\"https:\/\/maribelbover.com\/?page_id=173\">Continue Reading &rarr;<\/a><\/p>\n","protected":false},"author":1,"featured_media":0,"parent":0,"menu_order":2,"comment_status":"closed","ping_status":"closed","template":"","meta":{"footnotes":""},"class_list":["post-173","page","type-page","status-publish","hentry"],"_links":{"self":[{"href":"https:\/\/maribelbover.com\/index.php?rest_route=\/wp\/v2\/pages\/173","targetHints":{"allow":["GET"]}}],"collection":[{"href":"https:\/\/maribelbover.com\/index.php?rest_route=\/wp\/v2\/pages"}],"about":[{"href":"https:\/\/maribelbover.com\/index.php?rest_route=\/wp\/v2\/types\/page"}],"author":[{"embeddable":true,"href":"https:\/\/maribelbover.com\/index.php?rest_route=\/wp\/v2\/users\/1"}],"replies":[{"embeddable":true,"href":"https:\/\/maribelbover.com\/index.php?rest_route=%2Fwp%2Fv2%2Fcomments&post=173"}],"version-history":[{"count":27,"href":"https:\/\/maribelbover.com\/index.php?rest_route=\/wp\/v2\/pages\/173\/revisions"}],"predecessor-version":[{"id":352,"href":"https:\/\/maribelbover.com\/index.php?rest_route=\/wp\/v2\/pages\/173\/revisions\/352"}],"wp:attachment":[{"href":"https:\/\/maribelbover.com\/index.php?rest_route=%2Fwp%2Fv2%2Fmedia&parent=173"}],"curies":[{"name":"wp","href":"https:\/\/api.w.org\/{rel}","templated":true}]}}